{"id":1414,"date":"2021-05-20T09:12:03","date_gmt":"2021-05-20T07:12:03","guid":{"rendered":"http:\/\/www.free-miners.ch\/?page_id=1414"},"modified":"2024-08-05T17:22:46","modified_gmt":"2024-08-05T15:22:46","slug":"regelungen-gesetzlage","status":"publish","type":"page","link":"https:\/\/www.free-miners.ch\/index.php\/regelungen-gesetzlage\/","title":{"rendered":"Regelungen &#038; Gesetzlage"},"content":{"rendered":"\n<h2 class=\"wp-block-heading\"><strong>Goldwaschen<\/strong><\/h2>\n\n\n\n<p>Das Goldwaschen ist zum Teil erlaubt zum Teil Verboten. Je nach dem Bewilligungspflichtig.<\/p>\n\n\n\n<p>Bitte tragt sorge zur Natur beim Goldwaschen. <\/p>\n\n\n\n<p><a href=\"https:\/\/www.goldwaschen.ch\/ueber-uns\/ehrenkodex-fuer-goldwaescherinnen-und-goldwaescher\/\">Goldw\u00e4scher Ehrenkodex von der schweizerischen Goldw\u00e4scher Vereinigung: <\/a>https:\/\/www.goldwaschen.ch\/ueber-uns\/ehrenkodex-fuer-goldwaescherinnen-und-goldwaescher\/<\/p>\n\n\n\n<p><\/p>\n\n\n\n<p>Es gibt Kantonale Gesetze, in Graub\u00fcnden ist die Regelung von jeder Gemeinde geregelt.  <br>In Disentis ist das Goldwaschen vom 1. Mai bis am 15. September ohne Bewilligung erlaubt. Nachbar Orte Bewilligungspflichtig oder sogar verboten.<\/p>\n\n\n\n<p>Im Kanton Tessin ist das Goldwaschen auch Bewilligungspflichtig.<\/p>\n\n\n\n<p><\/p>\n\n\n\n<p>Kanton Z\u00fcrich<\/p>\n\n\n\n<p>Im Kanton Z\u00fcrich ist das Goldwaschen nur in den freigegebenen Gew\u00e4sserabschnitten gestattet, in allen andern Gew\u00e4ssern ist es untersagt. In den freigegebenen Gew\u00e4ssern ist das Goldwaschen mit einfachen Handwerkzeugen (Waschpfanne und Schaufel) bewilligungsfrei. Mehr Infos finden Sie unter dem untenstehenden Link: Information Goldwaschen Kanton Z\u00fcrich:<\/p>\n\n\n\n<p><a href=\"https:\/\/www.zh.ch\/content\/dam\/zhweb\/bilder-dokumente\/themen\/umwelt-tiere\/tiere\/fischerei-und-jagd\/fischerei\/fachinformationen\/informationen_goldwaschen_kanton_zuerich.pdf\" target=\"_blank\" rel=\"noreferrer noopener\">https:\/\/www.zh.ch\/content\/dam\/zhweb\/bilder-dokumente\/themen\/umwelt-tiere\/tiere\/fischerei-und-jagd\/fischerei\/fachinformationen\/informationen_goldwaschen_kanton_zuerich.pdf <\/a><\/p>\n\n\n\n<p><\/p>\n\n\n\n<p><\/p>\n\n\n\n<h2 class=\"wp-block-heading\"><strong>Metalldetektor suche<\/strong><\/h2>\n\n\n\n<p>Die suche nach Arch\u00e4ologischen Objekten ist Bewilligungspflichtig, auch auf dem eigenen Grundst\u00fcck. Zust\u00e4ndig ist das kantonale Amt.<\/p>\n\n\n\n<p><\/p>\n\n\n\n<p>\n\nIn der Schweiz ist der Umgang mit arch\u00e4ologischen Funden in der Gesetzgebung des Bundes und der Kantone geregelt. Grundlage bildet insbesondere Art. 724 des Schweizerischen Zivilgesetzbuchs (ZGB vom 10. Dezember 1907).<br><\/p>\n\n\n\n<h3 class=\"wp-block-heading\">ZGB Art. 724 5. Wissenschaftliche Gegenst\u00e4nde<\/h3>\n\n\n\n<p>Arch\u00e4ologische Ausgrabungen sind bewilligungspflichtig. Bewilligungen k\u00f6nnen einzig von den zust\u00e4ndigen kantonalen Stellen erteilt werden; in der Regel f\u00fchren die kantonalen arch\u00e4ologischen Dienste bzw. Kantonsarch\u00e4ologien selber Ausgrabungen durch. Unbefugte Grabungen sind strafbar. Die kantonalen Gesetzgebungen betreffend dem Einsatz von Metalldetektoren sind unterschiedlich: je nach Kanton ist der Einsatz von Metalldetektoren bewilligungspflichtig oder vollst\u00e4ndig verboten. Wer ohne Bewilligung mit dem Metalldetektor nach antiken Gegenst\u00e4nden (auch M\u00fcnzen) sucht, macht sich strafbar.<\/p>\n\n\n\n<p>Um Konflikte zu vermeiden, sollte vor Beginn der Prospektionst\u00e4tigkeit unbedingt mit der zust\u00e4ndigen kantonalen Stelle Kontakt aufgenommen werden. Die Kantonsarch\u00e4ologien \/ Arch\u00e4ologischen Dienste sind weisungsberechtigt. Die Kontaktadressen, aber auch Verweise auf die unterschiedlichen kantonalen Gesetzesgrundlagen finden sich auf den jeweiligen Homepages (Link siehe unten).<\/p>\n\n\n\n<p>Einzeln an der Erdoberfl\u00e4che oder im Bauaushub gefundene Fundobjekte d\u00fcrfen aufgelesen werden und m\u00fcssen der zust\u00e4ndigen kantonalen Stelle gemeldet und gegebenenfalls abgegeben werden.<\/p>\n\n\n\n<p>Treten arch\u00e4ologische Funde und Befunde bei Bodeneingriffen auf, ist die zust\u00e4ndige kantonale Stelle umgehend \u00fcber die Funde zu informieren. Die Fundsituation darf nicht ver\u00e4ndert werden.<\/p>\n\n\n\n<p>(Text: AGP &#8211; Arbeitsgemeinschaft Prospektion)\n\n<\/p>\n","protected":false},"excerpt":{"rendered":"<p>Goldwaschen Das Goldwaschen ist zum Teil erlaubt zum Teil Verboten. Je nach dem Bewilligungspflichtig. Bitte tragt sorge zur Natur beim Goldwaschen. Goldw\u00e4scher Ehrenkodex von der schweizerischen Goldw\u00e4scher Vereinigung: https:\/\/www.goldwaschen.ch\/ueber-uns\/ehrenkodex-fuer-goldwaescherinnen-und-goldwaescher\/ Es gibt Kantonale Gesetze, in Graub\u00fcnden ist die Regelung von jeder Gemeinde geregelt. In Disentis ist das Goldwaschen vom 1. Mai bis am 15. September ohne [&hellip;]<\/p>\n","protected":false},"author":1,"featured_media":0,"parent":0,"menu_order":0,"comment_status":"closed","ping_status":"closed","template":"","meta":{"footnotes":""},"class_list":["post-1414","page","type-page","status-publish","hentry","post-preview"],"_links":{"self":[{"href":"https:\/\/www.free-miners.ch\/index.php\/wp-json\/wp\/v2\/pages\/1414","targetHints":{"allow":["GET"]}}],"collection":[{"href":"https:\/\/www.free-miners.ch\/index.php\/wp-json\/wp\/v2\/pages"}],"about":[{"href":"https:\/\/www.free-miners.ch\/index.php\/wp-json\/wp\/v2\/types\/page"}],"author":[{"embeddable":true,"href":"https:\/\/www.free-miners.ch\/index.php\/wp-json\/wp\/v2\/users\/1"}],"replies":[{"embeddable":true,"href":"https:\/\/www.free-miners.ch\/index.php\/wp-json\/wp\/v2\/comments?post=1414"}],"version-history":[{"count":5,"href":"https:\/\/www.free-miners.ch\/index.php\/wp-json\/wp\/v2\/pages\/1414\/revisions"}],"predecessor-version":[{"id":2263,"href":"https:\/\/www.free-miners.ch\/index.php\/wp-json\/wp\/v2\/pages\/1414\/revisions\/2263"}],"wp:attachment":[{"href":"https:\/\/www.free-miners.ch\/index.php\/wp-json\/wp\/v2\/media?parent=1414"}],"curies":[{"name":"wp","href":"https:\/\/api.w.org\/{rel}","templated":true}]}}